git of 71/2*2 - (-18)/9?
3
Let k be (9/(-6))/((-3)/34). Suppose 31 = 4*q - k. What is the tens digit of q?
1
What is the hundreds digit of 75/21 - 3 - (-4940)/28?
1
Suppose 5*f = 562 + 78. What is the tens digit of f?
2
Suppose 3*b = 4*b - 79. What is the units digit of b?
9
Let j be ((-20)/(-15))/(4/102). Suppose -3*d = 2*g + 5 - 25, -3*d = -5*g - j. What is the units digit of d?
8
What is the units digit of 3 + (-13)/3 - (-2154)/9?
8
Let p(r) be the third derivative of r**5/60 + r**4/24 + 5*r**3/6 - 6*r**2. What is the units digit of p(-4)?
7
Let s be ((-5)/2)/(1/(-2)). Let w be ((-3)/(-2))/(6/16). Suppose -s*t - 5*v = -65, -w*t = -8*t - 3*v + 55. What is the units digit of t?
6
Suppose -4*m + 2*m = 0. Suppose -4 = -m*d - 2*d. What is the units digit of (3 - 3) + (12 - d)?
0
Let g(r) = r**3 - 2*r**2 - 3*r - 3. What is the tens digit of g(4)?
1
Let l(j) = 7*j**2 + 5*j - 3. Let u(k) = k**2 + k. Let h(r) = l(r) - 6*u(r). Suppose 0 = 2*g - 3*g + 3. What is the units digit of h(g)?
3
Let r(z) be the third derivative of z**4/4 + z**3 - 2*z**2. Let l(g) = g. Let f(y) = -5*l(y) + r(y). What is the units digit of f(0)?
6
Let x = 12 + -8. Suppose 20 = 4*w - i - i, 0 = w + x*i - 14. Let f = w + -2. What is the units digit of f?
4
Suppose 0 = -4*f + 174 - 14. What is the tens digit of f?
4
Suppose 3*s + 2*m - 214 = 0, 2*s = -s - m + 212. Suppose 0 = -2*f - 3*f + 4*h + s, 5*h = 2*f - 28. What is the tens digit of f?
1
Let k(d) = -d**2 + 5*d + 6. Let s = -1 - -14. Let p = s - 8. What is the units digit of k(p)?
6
Let g be (2 - 12/4)*-2. Let r be 1*5 + -4 + 2. Suppose -g*v + 20 = r*v. What is the units digit of v?
4
Let y = 53 - 32. Suppose -3*u + y = -2*u. What is the units digit of u?
1
Suppose s - 171 = -3*x - 9, -s - 50 = -x. What is the tens digit of x?
5
Let u be ((-84)/10)/(12/(-30)). Suppose -4*i = 2*o + o - 14, 12 = -3*i. Let q = u - o. What is the tens digit of q?
1
Let h = 0 + -2. Let m = h + 9. What is the units digit of m?
7
What is the tens digit of 110*(15/6 - 2)?
5
Suppose 0*c - 4*c = 5*f + 22, 3*f + 15 = -3*c. Let m(v) = -4*v - 2. What is the tens digit of m(c)?
1
Let h(j) = j**2 + 3*j - 14. What is the tens digit of h(-11)?
7
Let b = 164 - 104. What is the tens digit of b?
6
Let f(n) = 9*n**2 - 4*n + 1. Let x be f(3). Suppose -4*o - 10 + x = 0. What is the units digit of o?
5
Let r(a) = 9*a - 2. Let z be r(4). Suppose -4*v = -5*k - 26 - z, 2*v - 5*k - 30 = 0. What is the units digit of v?
5
Let b(p) be the second derivative of p**5/20 + p**4/2 - p**3 - 5*p**2/2 + 2*p. What is the units digit of b(-6)?
1
Suppose -15 = 2*v + 2*n - 39, -2*n = 10. Suppose -147 + v = -2*i. Suppose -4*b = -4*o - 60, 0 = -3*b - 5*o + 4*o + i. What is the tens digit of b?
2
Let y = 14 + -7. Let m = y - 4. Suppose m = 2*q - 2*c - 9, -3*q - 5*c + 10 = 0. What is the units digit of q?
5
What is the units digit of (-293)/((-48)/64 - 1/4)?
3
Let n(x) be the first derivative of -x**7/840 - x**6/120 + x**4/8 + x**3/3 + 3. Let l(m) be the third derivative of n(m). What is the units digit of l(-3)?
3
Let s = -10 + 135. Suppose -3*t + 4*g + 4 = -85, -s = -5*t + 2*g. What is the tens digit of t?
2
Let n = -34 + 57. Let k = 36 - n. What is the units digit of k?
3
Suppose -3*f + 45 = -15. Suppose f = 3*d - r - 21, -4*d + 2*r = -56. What is the units digit of d?
3
Let u = 13 + -7. Suppose 3*a = u*p - 5*p + 28, -44 = -5*a - p. What is the units digit of a?
9
Let r(u) = 7*u**2 - u - 4. Let t(p) = p. Let q(g) = r(g) - 2*t(g). What is the tens digit of q(3)?
5
Suppose -3*o + 4*o = 2. Suppose o*x - 3*x = -1. Let g = 4 + x. What is the units digit of g?
5
Suppose 16*l = 19*l - 3. What is the units digit of l?
1
Suppose c - 16 - 9 = -2*i, -5*c - 2*i + 133 = 0. What is the units digit of ((-4)/3)/((-18)/c)?
2
Suppose -5*s + 979 - 24 = 0. What is the units digit of s?
1
Let d(s) = 8*s + 5*s**2 - 7 + 0*s - 4*s**3 + 3*s**3. What is the units digit of d(6)?
5
What is the tens digit of 1/3 + 340/15?
2
Suppose -r + 3 = 5*v + 7, v = -2*r - 8. Suppose v = -0*n - 3*n + 3. What is the units digit of n?
1
Let x(o) = 10*o**2 + 3*o + 2. What is the units digit of x(-1)?
9
Let q be ((-1)/2 + 0)*66. Let b = -54 - q. What is the units digit of 4/((-24)/b)*2?
7
Let b(w) = -w**3 - 5*w**2 + 7*w - 4. Let l be b(-6). What is the units digit of ((-5)/(-10))/((-1)/l)?
5
What is the tens digit of 6 + -3 + -7 - -27*6?
5
Let r(q) = q**3 - 5*q**2 - 7*q - 8. What is the units digit of r(7)?
1
Suppose -3*o + 3*p + 36 = 0, -2*o - p = p - 4. Suppose k - 1 + 3 = -2*r, 3*k - 8 = r. Let n = o - k. What is the units digit of n?
5
Let a(n) = -n**2 - 8*n + 17. Let m(h) = -3*h + 1. Let x(f) = 10*f - 4. Let o(s) = -7*m(s) - 2*x(s). Let t(l) = -a(l) + o(l). What is the units digit of t(-11)?
6
Suppose -b + 8 = -0*b. Suppose 5*a = 4*f - 18, 3 = 5*f + a - 5. Suppose -5*v = 4*s - 16 - 12, v = -f*s + b. What is the units digit of v?
4
What is the tens digit of 7/(-14)*392/(-2)?
9
Let z = 71 - 39. Suppose -2*u + 0*u + z = 0. Suppose 2*d - d - 5*t = -18, -u = -3*d + t. What is the units digit of d?
7
Let u be 0/((-3 - -6) + -5). Suppose u = a + 1, 6*s - 105 = 2*s + a. What is the units digit of s?
6
What is the tens digit of (12/3 - 5) + 33?
3
Let w = 9 + -12. What is the tens digit of ((-66)/(-15))/(w/(-15))?
2
Let u = 5 + -3. Suppose -i + 45 = u*i. What is the units digit of i?
5
Let d = 14 - 10. Suppose -5*t = 3*h - 6*h - 38, -d*h + 31 = 5*t. What is the units digit of (-3)/((-3)/t) - 1?
6
Let r(s) be the first derivative of s**4/6 + s**3/6 - s**2/2 - 2*s - 1. Let k(z) be the first derivative of r(z). What is the units digit of k(1)?
2
Let p(m) = 23*m + 23. What is the tens digit of p(7)?
8
Let q(v) = v**2 + 14*v - 12. Let c be q(-15). Suppose -c*p + 10 = 1, 4*t - 4*p - 156 = 0. What is the units digit of t?
2
What is the tens digit of (-5)/(((-4)/1)/32)?
4
Let q(y) = y + 8. Suppose -6 = n - s - 1, -3*n - 16 = -2*s. What is the units digit of q(n)?
2
Let f(p) = -8 + 3*p**2 - 4*p**2 - 5*p + 2*p**2. Let q be f(7). What is the units digit of (-2)/(1/((-3)/q))?
1
Let w be -2*(1/2 + -2). Suppose -w*a + 3*m + 6 = 0, m = -4*a + 6*m + 3. What is the units digit of a?
7
Let w = -18 - -8. Let v(i) = -5*i**2 - 7*i + 4. Let b(n) = -n**2 + n + 1. Let o(p) = -4*b(p) + v(p). What is the tens digit of o(w)?
1
Suppose 5*b - 35 = -0*s - 5*s, 7 = 4*s - 3*b. Suppose s*a - 152 = 60. What is the units digit of a?
3
Suppose 3*v = 4*v - 3. Suppose -v*d - x = -13, -5*d = -2*d - 3*x - 21. What is the units digit of d?
5
Suppose 0*y - y = -93. What is the tens digit of y?
9
Let x(z) = -z**2 - 2*z - 4. Let t be x(-5). Let f = t + 37. What is the units digit of f?
8
Let k = -31 + 55. Let s = k + -6. What is the units digit of s?
8
Let g be 0/(0 + (-4 - -5)). Suppose 99 = 3*r - 3*t - g*t, -9 = -3*t. What is the tens digit of r?
3
Let j = 22 - 1. What is the units digit of j?
1
Let y be 1*((3 - 2) + 0). What is the units digit of (y - 3)*(0 - 5)?
0
Let h(o) = -5*o**2 - o - 17. Let m(i) = -6*i**2 - i - 18. Let r(n) = -7*h(n) + 6*m(n). What is the units digit of r(0)?
1
Suppose -325 - 115 = -5*c. Suppose -2*l - 32 = -c. What is the units digit of l?
8
Let v be (-1)/(-4) - 42/8. Let f = 5 + v. Suppose f*j = -2*j + 28. What is the tens digit of j?
1
Let l(h) = -h**3 + h**2 - h + 4. Let j be l(0). Suppose -z - 5*b = j*z - 75, 0 = -4*z - 2*b + 54. What is the units digit of z/8*(0 + 2)?
3
Let r(q) = q**2 + 10*q + 7. Let y(v) = v - 2. Let h be y(3). Let x be -12 + (4 - 3) + h. What is the units digit of r(x)?
7
Let c be (-1)/((-15)/(-6))*-10. Suppose -3*t + 5*y - 12 = 0, 2*t - c*y + 11 = t. Suppose -4*s = -15 - t. What is the units digit of s?
4
Suppose -184 = 4*m - 6*m. What is the units digit of m?
2
Let v(j) = j - 9. Let u be v(5). What is the units digit of (12/u - -17) + 3?
7
Suppose 10*a = 7*a. Let z = 31 - 10. Suppose -z = -a*q - 3*q. What is the units digit of q?
7
Let w(c) = 3*c**3 - 3*c + 5. Let a be w(4). Let r be (-3)/(a/(-94) - -2). What is the units digit of r/(-10) + (-10)/25?
9
Let d = -6 + 11. Suppose k = d*w - 19, 5*k - 4*w - w + 15 = 0. What is the units digit of (k + -15)*5/(-10)?
7
What is the units digit of (-3 - 2)*(-1 + -2)?
5
Let w be ((0 - 1) + 2)*-5. Let q = 11 + w. Suppose 0 = -2*s - s - q, 2*s - 2 = -2*a. What is the units digit o